7677 = 7*d, -d - 8 = 0. Is n a composite number?
True
Let d(v) be the third derivative of v**5/60 - 35*v**4/24 - 71*v**3/6 - 165*v**2. Is d(42) a prime number?
True
Let f = -1547 - -2296. Let i(l) = 63*l**2 + 13*l - 28. Let o be i(2). Let u = f - o. Is u a composite number?
False
Let r(d) = -40*d + 5. Let k be r(-5). Let i = k + -126. Is i a composite number?
False
Suppose 0 = 2*l - 5*y + 39, y - 2 - 37 = 3*l. Let x be 3/(27/21) - (-4)/l. Is (1 - x)*1*-389 composite?
False
Suppose 132*l + 2*a + 1129432 = 136*l, 6*l = 4*a + 1694148. Is l a prime number?
False
Suppose -2 = 3*z + 5*l + 50, 2*l + 17 = -z. Let s = -19 - z. Suppose s*v + 2*v - 692 = -2*j, 3*j + 692 = 2*v. Is v prime?
False
Suppose l = -5*i + 1257, 4*i - 1263 = -i - 4*l. Let o be (-1181)/8 - -12*2/(-64). Let d = i + o. Is d a prime number?
True
Suppose -6*q + 3*i - 3 = -3*q, -4*q + i = 7. Is (54/(-63))/(q/56063) a prime number?
False
Let t(h) = -h**2 + 12*h - 6. Let x be (52/(-20) - -1)/(2/(-15)). Let m be t(x). Is 6 + (m/27 - 6/(-27)) a prime number?
False
Suppose -951251 = -15*r + 836134. Is r a composite number?
False
Suppose -7*g + 2*g = -3*d - 2162, 3*g = 4*d + 1306. Let y = 951 - g. Is y a composite number?
False
Suppose -20*v + 19*v + 603743 = -3*d, -3*d - 2414900 = -4*v. Is v composite?
False
Suppose 3*r + 81671 = 5*p, -4*p - 4*r + 91300 = 25976. Is p composite?
False
Suppose -2*f + 5*f - 8933 = -4*r, -3*r - f + 6706 = 0. Is r composite?
False
Let r(c) = -c**3 - 4*c**2 - 2*c - 7. Let k be r(-5). Let u be 2 - (1 + (-2)/2). Suppose -u*d = k - 258. Is d composite?
True
Let g be -3 + -57 - 24/4. Is (-1 - 6)*g/21 prime?
False
Let k(n) = 27*n**2 + 12*n - 2. Let v be k(-9). Let f = v - 1433. Suppose 6*t = 2*t + f. Is t a composite number?
True
Suppose -z + 5*a + 593 + 1468 = 0, -6248 = -3*z + 2*a. Suppose 3*p + 0*p = -4*i + 4483, 3*p + 3*i = 4479. Let w = z - p. Is w a composite number?
True
Suppose 3*z - 4*d - 849 = 0, -4*z - 2*d - 3*d + 1163 = 0. Suppose -z - 199 = -3*a + 3*c, 5*a - 2*c = 801. Is a composite?
True
Is (-2)/(-3) + 25022200/1281 a prime number?
False
Let q(y) be the first derivative of y**4 + y**3 + 13*y**2/2 - 5*y - 6. Suppose 0*c - 40 = -5*g + 5*c, -3*c = 4*g - 11. Is q(g) composite?
True
Let j(u) = 104*u**2 - 11*u + 14. Let p = 107 - 100. Is j(p) prime?
False
Let b(i) = 9*i - 7. Let k be b(2). Let h = k - 7. Suppose 2*q = -q + n + 605, 5*n - 813 = -h*q. Is q a composite number?
True
Let u(d) = 613*d**2 - 39*d + 211. Is u(10) a prime number?
True
Suppose 2*q + 1345102 = 24*q. Is q composite?
False
Let y(r) = r**2 - 24*r - 48. Let q be y(26). Suppose 4*v = -5*t + 53619, 0 = 2*v - q*t + 7*t - 26807. Is v composite?
False
Suppose -437674 = -4*b - 3*i, 8*b + 3*i = 7*b + 109405. Is b prime?
True
Suppose -5*l + 35 = 45, -5*l = -2*h + 140268. Is h a composite number?
True
Let r(m) = 65*m. Suppose 4*d - 2*d + 22 = -5*y, -y = 3*d + 59. Let u = -20 - d. Is r(u) prime?
False
Suppose -1553 = -s + 826. Suppose 2*o + 1636 = 4*f, -334 = 5*f + 5*o - s. Is f prime?
True
Let i(u) = 2*u**2 - 38*u + 5. Let q be i(19). Suppose -18*z + 82501 = q*z. Is z composite?
True
Let d = 225 + -225. Suppose -5*t = 3 - 23, d = 5*r + 3*t - 42947. Is r composite?
True
Let i(q) = 10*q**2 - 8*q + 5. Let c(f) = -f**3 - 4*f**2 + 12*f + 20. Let o(y) = y**2 + y + 1. Let m(v) = -c(v) + 3*o(v). Let k be m(-8). Is i(k) prime?
True
Let d(f) = -f + 7*f - 2*f + 2521 + 268. Is d(0) prime?
True
Is 110513/7 - 412/721 a composite number?
False
Let r(n) = 64*n**2 - 18*n - 147. Let j = -530 + 521. Is r(j) prime?
False
Let k = -41512 + 78843. Is k a prime number?
False
Suppose -5*j = -3*w + 21, -w + 0*j + 2*j + 8 = 0. Suppose 0 = -2*p + w, a - p = -4*p + 1113. Let k = -547 + a. Is k prime?
True
Let o be (-1)/(-6)*0/(-4). Suppose 7*y - 2694 - 2269 = o. Is y composite?
False
Suppose 0 = -13*q - 30 + 17. Let n(h) = -731*h + 12. Is n(q) prime?
True
Let n(q) = -5*q + 5. Let d be n(-7). Suppose -7*m - d = 23. Is ((552/m)/8)/(2/(-42)) prime?
False
Let g = 118191 + -39262. Is g composite?
False
Let t = 217126 + 40093. Is t prime?
True
Let l = -54 + 43. Let g(h) = -47*h. Let t be g(l). Suppose 2*d + 490 = 4*d - 4*y, -2*d - 5*y + t = 0. Is d composite?
False
Let u = 2194 - -2798. Suppose 2*d - 919 = -r + u, 5*r - 14770 = -5*d. Is d composite?
False
Suppose 0 = 2*k + 3*n - 1087037, -7*k + 2*n = -4*k - 1630588. Suppose 47*j - k = 253077. Is j a prime number?
False
Let r(x) = 2*x**3 - 8*x**2 - 2*x - 2. Suppose -12*l + 42 = -5*l. Let n be r(l). Let g = -93 + n. Is g a prime number?
True
Let v be (24/20)/((-132)/(-40) - 3). Suppose v*a = -4*z + 11320, -5*z = 5*a - 7*a + 5681. Is a a composite number?
False
Let o(j) = j**3 + 35*j**2 + 33*j - 33. Let b be o(-34). Is (42042/440 - b/(-5))*20 a prime number?
False
Let m(i) = -17*i**2 - 24*i - 104 + 5*i + 65*i**2. Is m(17) a prime number?
False
Let d(c) = 1 - 1 - 1262*c + 6. Let o be d(-3). Is o/30 + (-9)/(-15) prime?
True
Suppose 0 = -1632*l + 1648*l - 8656. Is l composite?
False
Let o = -96 - -143. Let m = -50 + o. Is ((-1842)/18)/(m/9) composite?
False
Let w = 301074 + -142463. Is w prime?
True
Let f(u) = -102*u**3 - 7*u**2 + 2*u + 9. Let k be f(-6). Let l = k - 35852. Is l/(-75) + (-4)/6 a composite number?
True
Let p(z) = -278*z - 587. Is p(-23) composite?
False
Let b = 255602 + -87459. Is b a composite number?
False
Suppose -2*q - 3*n = -0*q + 6, -2*n = 2*q + 4. Suppose -4*r + 12 = 0, -34 = -h - 5*r - q*r. Suppose 18*c + 33 = h*c. Is c a composite number?
True
Let o(r) = 21471*r**2 - 35*r + 31. Is o(1) composite?
False
Suppose -3*s = s - 12. Suppose 2*m = -s*m - 1760. Let i = m - -683. Is i a prime number?
True
Suppose -31*i + 55959 = -2160758. Is i a prime number?
False
Is -1 - 406076/(-6) - 8/(-12) composite?
False
Let u(z) = -6*z - 38. Let f be u(-7). Suppose f*c - 4690 = 1866. Is c a prime number?
False
Let p be 4/3 + (-5800)/30. Let n = p - -205. Is n a prime number?
True
Suppose -5*h - b = 17581 + 14889, -h + 3*b - 6494 = 0. Let u = h + 9565. Is u a prime number?
False
Suppose -5*q + 2776683 = 2*l, -5*l - 1110679 = -20*q + 18*q. Is q a prime number?
True
Suppose -4*h = -47 + 35. Suppose 451 = 3*l - 3*q + 145, h*l = q + 300. Let j = -17 + l. Is j prime?
False
Suppose -382325 = 5*c + 3*s - 1111630, 2*c + 5*s = 291722. Is c composite?
False
Let n = -961494 - -1457333. Is n a prime number?
False
Let z(s) = -958*s + 599. Is z(-8) composite?
False
Let j(z) = -z + 6. Suppose 8*q - 12 = 20. Let c be j(q). Is (c/(-4))/((-15)/7170) composite?
False
Suppose 0 = -10*t + t + 157633 - 42190. Is t prime?
False
Let s(m) = m**2 + 4*m + 6. Let c be s(-3). Suppose c*b - 10 = 8*b. Is b/(-10)*5 - -6 composite?
False
Let j(h) = 10*h**2 - 6*h + 55. Suppose -5*c - 38 = 5*k + 22, -5*k = -4*c + 33. Is j(k) prime?
True
Suppose -3*p - 5*u - 144 = 0, 5*u = 17*p - 14*p + 174. Let o = -6 - -10. Is (-12)/3*p/o a prime number?
True
Suppose -219*q = -220*q + 30. Suppose 16*r + q*r - 7636 = 0. Is r composite?
True
Let m(x) = x**3 + 9*x**2 + 9*x - 25. Let v be m(-7). Suppose -36*t + v*t + 159146 = 0. Is t composite?
False
Suppose 0 = 9*c - c - 40. Let n = 1183 - 692. Suppose 6*s - n = c*s. Is s a prime number?
True
Let u(i) = -132*i + 215. Let r be u(13). Let c = r - -8652. Is c composite?
False
Let s = 250138 - 178085. Is s a prime number?
True
Let w(k) be the third derivative of -k**6/90 - 3*k**5/40 - 5*k**4/24 - 6*k**2. Let u(y) be the second derivative of w(y). Is u(-21) composite?
True
Let k(o) = 3793*o**2 + 115*o + 1077. Is k(-8) prime?
False
Let s(k) = k**2 - 13*k + 24. Let y be s(12). Is (-8)/y + 97990/(-6)*-1 prime?
False
Suppose -3*t + 5*b = -650, 0 = 2*t - 4*b + 179 - 613. Suppose 1240 + t = 3*l. Is l composite?
True
Let u(a) = 25*a**2 - 51*a - 2371. Is u(-77) a composite number?
True
Suppose 2*z = 0, -3*z - 7 = -2*l - 1. Suppose 4*x = l*s + 16, 6 = -x + 3*x - s. Is (-5)/(25/10) + x*633 prime?
True
Suppose p - 90 = -6*p - 3*w, 5*p + w - 62 = 0. Is (p/(-24))/((-1)/794) a prime number?
True
Is 47/(-4)*2*-6*8530/30 a prime number?
False
Let y = -76 - -29. Let b = y - -51. Suppose -b*o + 540 = -344. Is o prime?
False
Suppose -7*w = 18 + 10. Let o(q) = -32*q**3 + 5*q**2 - 4*q + 5. Is o(w) composite?
True
Let x = -490 + 5871. Is x a composite number?
False
Let h = 1883 + -639. Let b = 2133 - h. Is b com